{"id":15,"date":"2017-08-07T18:23:04","date_gmt":"2017-08-07T23:23:04","guid":{"rendered":"http:\/\/avaluos.falesys.com\/home\/"},"modified":"2024-05-21T12:20:37","modified_gmt":"2024-05-21T17:20:37","slug":"home","status":"publish","type":"page","link":"https:\/\/www.custodioyavaluo.com\/","title":{"rendered":"Inicio"},"content":{"rendered":"\n<div class=\"cv-content-layout\">\n<div class=\"cv-content-layout-row\">\n<div class=\"cv-layout-cell layout-item-0\" style=\"width: 100%;\">\n<figure><img loading=\"lazy\" width=\"700\" height=\"350\" class=\"aligncenter size-full wp-image-521\" alt=\"\" src=\"https:\/\/www.custodioyavaluo.com\/wp-content\/uploads\/2017\/08\/venta_custodioavaluos.jpg\" srcset=\"https:\/\/www.custodioyavaluo.com\/wp-content\/uploads\/2017\/08\/venta_custodioavaluos.jpg 700w, https:\/\/www.custodioyavaluo.com\/wp-content\/uploads\/2017\/08\/venta_custodioavaluos-600x300.jpg 600w, https:\/\/www.custodioyavaluo.com\/wp-content\/uploads\/2017\/08\/venta_custodioavaluos-300x150.jpg 300w\" sizes=\"(max-width: 700px) 100vw, 700px\" \/><\/figure>\n<\/div>\n<\/div>\n<\/div>\n\n\n\n<div class=\"cv-content-layout\">\n<div class=\"cv-content-layout-row\">\n<div class=\"cv-layout-cell layout-item-0\" style=\"width: 100%;\">\n<p>Nuestra compa\u00f1\u00eda con m\u00e1s de 20 a\u00f1os en el mercado automotriz, est\u00e1 constituida por una estructura s\u00f3lida en la cual contamos con el respaldo y el conocimiento en el mercado de varias d\u00e9cadas. Nos especializamos en temas de tasaci\u00f3n de autos, equipos pesados, peritajes, capturas, almacenaje, compra\/venta, tr\u00e1mites vehiculares, aval\u00faos t\u00e9cnicos de equipos, maquinarias y bienes inmuebles.<\/p>\n<p>Somos una compa\u00f1\u00eda comprometida en salvaguardar responsablemente el valor vehicular, utilizando tablas de tasaci\u00f3n que se ajustan a los m\u00e1rgenes reales del mercado.<\/p>\n<p>Siempre tratando de innovar, tomamos la decisi\u00f3n de crear un producto nuevo en el sector de aval\u00faos e inspecciones, un producto fresco que llevar\u00e1 soluciones al mercado automotriz, aseguradoras, entidades bancarias y financieras. Con este nuevo producto conseguiremos mayor eficiencia, rapidez y efectividad en el valor de su veh\u00edculo.<\/p>\n<p>Por muchos a\u00f1os nuestra compa\u00f1\u00eda ha trabajado en desarrollar un producto innovador que sirva para ahorrarle tiempo a nuestros clientes. Hemos digitalizado nuestro servicio de aval\u00faos y as\u00ed ofrecer la oportunidad a diferentes departamentos de bancos, financieras y aseguradoras a registrar y tazar los bienes que sean sujetos a pr\u00e9stamos o que tengan re-pose\u00eddos.<\/p>\n<\/div>\n<\/div>\n<\/div>\n\n\n\n<div class=\"cv-content-layout\">\n<div class=\"cv-content-layout-row\">\n<div class=\"cv-layout-cell layout-item-0\" style=\"width: 50%;\">\n<h3>MISION<\/h3>\n<p>Brindar un servicio r\u00e1pido y eficiente que ayude a nuestros clientes a agilizar sus tr\u00e1mites bancarios.<\/p>\n<\/div>\n<div class=\"cv-layout-cell layout-item-0\" style=\"width: 50%;\">\n<h3>VISION<\/h3>\n<p>Hacer la diferencia en el mercado de tasaciones de autos, usando un sistema de medici\u00f3n de precio que sea adecuado para los clientes, entidades bancarias, financieras y las agencias de autos.<\/p>\n<\/div>\n<\/div>\n<\/div>\n\n\n\n<div class=\"wp-block-image\"><figure class=\"aligncenter size-large\"><img loading=\"lazy\" width=\"250\" height=\"52\" src=\"https:\/\/www.custodioyavaluo.com\/wp-content\/uploads\/2021\/05\/tarjetas_credito.jpg\" alt=\"\" class=\"wp-image-1509\"\/><\/figure><\/div>\n","protected":false},"excerpt":{"rendered":"<p>Nuestra compa\u00f1\u00eda con m\u00e1s de 20 a\u00f1os en el mercado automotriz, est\u00e1 constituida por una estructura s\u00f3lida en la cual contamos con el respaldo y el conocimiento en el mercado de varias d\u00e9cadas. Nos especializamos en temas de tasaci\u00f3n de autos, equipos pesados, peritajes, capturas, almacenaje, compra\/venta, tr\u00e1mites vehiculares, aval\u00faos t\u00e9cnicos de equipos, maquinarias y [&hellip;]<\/p>\n","protected":false},"author":1,"featured_media":0,"parent":0,"menu_order":1,"comment_status":"closed","ping_status":"closed","template":"","meta":[],"_links":{"self":[{"href":"https:\/\/www.custodioyavaluo.com\/index.php\/wp-json\/wp\/v2\/pages\/15"}],"collection":[{"href":"https:\/\/www.custodioyavaluo.com\/index.php\/wp-json\/wp\/v2\/pages"}],"about":[{"href":"https:\/\/www.custodioyavaluo.com\/index.php\/wp-json\/wp\/v2\/types\/page"}],"author":[{"embeddable":true,"href":"https:\/\/www.custodioyavaluo.com\/index.php\/wp-json\/wp\/v2\/users\/1"}],"replies":[{"embeddable":true,"href":"https:\/\/www.custodioyavaluo.com\/index.php\/wp-json\/wp\/v2\/comments?post=15"}],"version-history":[{"count":27,"href":"https:\/\/www.custodioyavaluo.com\/index.php\/wp-json\/wp\/v2\/pages\/15\/revisions"}],"predecessor-version":[{"id":8117,"href":"https:\/\/www.custodioyavaluo.com\/index.php\/wp-json\/wp\/v2\/pages\/15\/revisions\/8117"}],"wp:attachment":[{"href":"https:\/\/www.custodioyavaluo.com\/index.php\/wp-json\/wp\/v2\/media?parent=15"}],"curies":[{"name":"wp","href":"https:\/\/api.w.org\/{rel}","templated":true}]}}