{"id":32,"date":"2017-08-23T10:38:18","date_gmt":"2017-08-23T15:38:18","guid":{"rendered":"https:\/\/www.custodioyavaluo.com\/?page_id=32"},"modified":"2020-04-30T14:57:36","modified_gmt":"2020-04-30T19:57:36","slug":"quienes-somos","status":"publish","type":"page","link":"https:\/\/www.custodioyavaluo.com\/index.php\/quienes-somos\/","title":{"rendered":"Quienes Somos"},"content":{"rendered":"<h3>PERFILES TECNICOS<\/h3>\n<ul>\n<li><strong>Eduardo A. Mendez T.<\/strong> Lic. en Administraci\u00f3n de empresas, Universidad Santa Mar\u00eda la Antigua (USMA). Gerente Operativo de PROVENSA, compa\u00f1\u00eda que se dedicaba a la venta de autos, aval\u00faos y almacenaje. En la Actualidad propietario de Custodio y Aval\u00fao S.A. Compa\u00f1\u00eda dedicada por m\u00e1s de 13 a\u00f1os a el servicio automotriz en el mercado de venta, almacenaje y aval\u00faos de equipos automotor.<\/li>\n<li><strong>Luis Carlos Mendez T.<\/strong> Lic. en Administraci\u00f3n de empresas, Universidad Santa Mar\u00eda la Antigua (USMA). Trabajo en el \u00e1rea de ventas de autos por m\u00e1s de 15 a\u00f1os en compa\u00f1\u00edas como Bavarian Motors, PROVENSA, Auto Mercantil y socio de Custodio y Aval\u00fao S.A.<\/li>\n<li><strong>Honorio G. Mendez P.<\/strong> Toda su vida la dedic\u00f3 al \u00e1rea de ventas, adquiriendo responsabilidades y retos dentro de Compa\u00f1\u00edas Ricardo P\u00e9rez S.A. llegando a ocupar puestos importantes como Gerente de Ventas y Gerente General de Dinamos Corparations, Gerente de ventas de Interamerican Motors (KIA), Gerente General de PANAMOTORS. Fundador y Propietario de PROVENSA, socio Fundador de Custodio y Aval\u00fao S.A.<\/li>\n<\/ul>\n<h3>CUSTODIO Y AVALUO S.A<\/h3>\n<div class=\"cv-content-layout\">\n<div class=\"cv-content-layout-row\">\n<div class=\"cv-layout-cell layout-item-0\" style=\"width: 100%;\">\n<p>Nuestra compa\u00f1\u00eda con m\u00e1s de 17 a\u00f1os en el mercado automotriz, est\u00e1 constituida por una estructura s\u00f3lida en la cual contamos con el respaldo y el conocimiento en el mercado de varias d\u00e9cadas. Nos especializamos en temas de tasaci\u00f3n de autos, equipos pesados, peritajes, capturas, almacenaje, compra\/venta, tr\u00e1mites vehiculares, aval\u00faos t\u00e9cnicos de equipos, maquinarias y bienes inmuebles.<\/p>\n<p>Somos una compa\u00f1\u00eda comprometida en salvaguardar responsablemente el valor vehicular, utilizando tablas de tasaci\u00f3n que se ajustan a los m\u00e1rgenes reales del mercado.<\/p>\n<p>Siempre tratando de innovar, tomamos la decisi\u00f3n de crear un producto nuevo en el sector de aval\u00faos e inspecciones, un producto fresco que llevar\u00e1 soluciones al mercado automotriz, aseguradoras, entidades bancarias y financieras. Con este nuevo producto conseguiremos mayor eficiencia, rapidez y efectividad en el valor de su veh\u00edculo.<\/p>\n<p>Por muchos a\u00f1os nuestra compa\u00f1\u00eda ha trabajado en desarrollar un producto innovador que sirva para ahorrarle tiempo a nuestros clientes. Hemos digitalizado nuestro servicio de aval\u00faos y as\u00ed ofrecer la oportunidad a diferentes departamentos de bancos, financieras y aseguradoras a registrar y tazar los bienes que sean sujetos a pr\u00e9stamos o que tengan re-pose\u00eddos.<\/p>\n<p><a class=\"button\" href=\"https:\/\/www.custodioyavaluo.com\/index.php\/contactos\/\">CONT\u00c1CTENOS<\/a><\/p>\n<\/div>\n<\/div>\n<\/div>\n","protected":false},"excerpt":{"rendered":"<p>PERFILES TECNICOS Eduardo A. Mendez T. Lic. en Administraci\u00f3n de empresas, Universidad Santa Mar\u00eda la Antigua (USMA). Gerente Operativo de PROVENSA, compa\u00f1\u00eda que se dedicaba a la venta de autos, aval\u00faos y almacenaje. En la Actualidad propietario de Custodio y Aval\u00fao S.A. Compa\u00f1\u00eda dedicada por m\u00e1s de 13 a\u00f1os a el servicio automotriz en el [&hellip;]<\/p>\n","protected":false},"author":1,"featured_media":0,"parent":0,"menu_order":0,"comment_status":"closed","ping_status":"closed","template":"","meta":[],"_links":{"self":[{"href":"https:\/\/www.custodioyavaluo.com\/index.php\/wp-json\/wp\/v2\/pages\/32"}],"collection":[{"href":"https:\/\/www.custodioyavaluo.com\/index.php\/wp-json\/wp\/v2\/pages"}],"about":[{"href":"https:\/\/www.custodioyavaluo.com\/index.php\/wp-json\/wp\/v2\/types\/page"}],"author":[{"embeddable":true,"href":"https:\/\/www.custodioyavaluo.com\/index.php\/wp-json\/wp\/v2\/users\/1"}],"replies":[{"embeddable":true,"href":"https:\/\/www.custodioyavaluo.com\/index.php\/wp-json\/wp\/v2\/comments?post=32"}],"version-history":[{"count":12,"href":"https:\/\/www.custodioyavaluo.com\/index.php\/wp-json\/wp\/v2\/pages\/32\/revisions"}],"predecessor-version":[{"id":6798,"href":"https:\/\/www.custodioyavaluo.com\/index.php\/wp-json\/wp\/v2\/pages\/32\/revisions\/6798"}],"wp:attachment":[{"href":"https:\/\/www.custodioyavaluo.com\/index.php\/wp-json\/wp\/v2\/media?parent=32"}],"curies":[{"name":"wp","href":"https:\/\/api.w.org\/{rel}","templated":true}]}}